e factors of p(-2)?
17
Let v(j) be the second derivative of -j**5/20 - 8*j**4/3 + 4*j**3 - 49*j**2 + j + 30. List the prime factors of v(-33).
199
Let r = -10 + 138. Let l = 786 - 725. Let m = r - l. List the prime factors of m.
67
Let c(t) = 6 + 3*t**3 + 4*t**2 - 3*t - 2*t + t. Let n be c(3). Suppose 885 = 5*d + 5*v, d - n = -3*v + 70. List the prime factors of d.
5, 7
Let c(p) = 4*p**2 - 60*p - 106. Let i be c(13). Suppose 5*s + 1011 = 291. Let z = s - i. What are the prime factors of z?
2, 3, 11
Let g(l) = -l + 938. Let m be g(0). Suppose 129*h + 21 = 408. Suppose -h*f + 557 = 4*c, -3*f - 2*f + 3*c = -m. List the prime factors of f.
11, 17
Suppose -4*s - 45 = -2*a + 35, 0 = 2*s + 10. Suppose 0 = 29*t - 26*t - a. What are the prime factors of -4 + 32/t + (-3976)/(-20)?
2, 3, 11
Suppose j = 3*c + 2974, -j + 2*c + 464 = -2516. List the prime factors of j.
2, 11, 17
Suppose 40*f - 46*f = -48. Suppose f*o = 1197 + 987. What are the prime factors of o?
3, 7, 13
Suppose -4*d + 29782 = 2*b - 26080, 4*d + 139585 = 5*b. What are the prime factors of b?
3, 41, 227
Let t be -3 - (1/(-3))/(27/243). Let r(a) = -a**3 - 2*a**2 - 2*a + 1079. What are the prime factors of r(t)?
13, 83
Let p = 21 - 54. Let i = 5 + p. Let o = i + 43. List the prime factors of o.
3, 5
Suppose 4*m - 24 = -m + 2*p, 0 = 2*m - p - 10. Let o(f) be the first derivative of f**4/4 - 2*f**3/3 - 3*f**2/2 - 8*f + 18. What are the prime factors of o(m)?
2, 3
Let h = -13476 - -29988. List the prime factors of h.
2, 3, 43
Let v be (3/5)/(15/(-1725)). List the prime factors of 23/v + 1790/6 + -2.
2, 37
Let g = 103390 - 72574. List the prime factors of g.
2, 3, 107
Let k(n) = -8*n**3 - 5*n**2 - 5*n - 8. Let g be k(-4). Suppose g = -7*f + 13*f. What are the prime factors of f?
2, 37
Suppose 0 = -4*c + 3*s + 24723, 39*s - 44*s = -5*c + 30900. What are the prime factors of c?
3, 229
Let n(y) = 167*y**2 - 215*y - 1737. What are the prime factors of n(-8)?
3, 3557
What are the prime factors of ((-82675)/(-7))/((37/(-7))/(-37))?
5, 3307
Let v(d) = -8*d**3 - 13*d**2 - 29*d - 59. What are the prime factors of v(-10)?
29, 239
Let o = 17695 - -9174. List the prime factors of o.
97, 277
Let z = -683 - -1893. Suppose 30*h - z = 25*h. List the prime factors of h.
2, 11
Let j be -1 + (-44)/(-5 + 1). Let f be 65/10*(-2 - j). List the prime factors of 676/f*(1 - 4).
2, 13
Let j = 86 + -74. Let q be 5 + (-3 + j)/(-3). Suppose -q*p + 6*p - 536 = 5*s, -4*s - 262 = -2*p. List the prime factors of p.
139
Suppose -16*j - 3*c = -13*j - 50748, -j + 16912 = 2*c. List the prime factors of j.
2, 3, 5, 47
Suppose -223936 - 104366 = -69*w. List the prime factors of w.
2, 3, 13, 61
Let t(o) = 2*o**3 - 7*o**2 - 26*o - 25. Let v be t(19). List the prime factors of (-16)/56 - v/(-14).
2, 3, 127
Let v = -589 - -591. Suppose -j = 4*w + 4*j - 3808, 2*w - 1904 = v*j. List the prime factors of w.
2, 7, 17
Let o(k) be the second derivative of -97*k**3/6 - 15*k**2 + 59*k - 2. What are the prime factors of o(-3)?
3, 29
Let a be -1*15/(-4 + 7). What are the prime factors of 1219 + 1 + 5/a?
23, 53
Let l(o) be the third derivative of 49*o**6/720 + o**5/120 + 13*o**4/24 - 8*o**2. Let d(q) be the second derivative of l(q). What are the prime factors of d(2)?
3, 11
Suppose -4*i = 2*h - 258, 3*h - 276 = -5*i + 114. List the prime factors of (359/4)/(h/60 + -2).
359
Suppose -38*n - 5*v = -40*n + 3318, 8 = -4*v. What are the prime factors of n?
2, 827
Let b = -61769 + 104677. List the prime factors of b.
2, 17, 631
Suppose -276*y = -3371296 - 2062592. List the prime factors of y.
2, 23, 107
List the prime factors of -2*(21/4)/((-123)/93398).
7, 17, 67
Suppose -3*h - 5712 = 58*v - 60*v, 4*v + 2*h = 11424. What are the prime factors of v?
2, 3, 7, 17
Suppose -3*c + 8*d - 5*d = -18, 0 = -5*c - 3*d + 22. Suppose -12*a + 10*a + 3116 = 2*r, 25 = -c*a. What are the prime factors of r?
3, 521
Suppose 18*r - 25743 - 28411 + 14428 = 0. List the prime factors of r.
2207
Suppose 12 = -3*s, -61 = -5*k + 4*k - 4*s. Let z be (-24)/(-14) - (-22)/k. Suppose 0 = -0*g - z*g + 42. List the prime factors of g.
3, 7
What are the prime factors of 54324 + (-16 - -30) + -1?
67, 811
Suppose 39 = 8*g + 5*g. Suppose -400 = -2*a - 2*r, -g*a + 7*r - 8*r + 598 = 0. What are the prime factors of a?
199
Let p = -70 - -73. Let z be (1 - p) + 2/1 - -65. Let u = z - -43. List the prime factors of u.
2, 3
Let o = -46 - -46. Suppose o = -5*v - 2*s + 19, 2*v - 2 = -s + 6. Suppose -v*d = m - 2 - 5, -26 = -2*m - 2*d. What are the prime factors of m?
2
Let g(x) = -17*x + 86. Let i be g(-22). Suppose c = 2*c - i. List the prime factors of c.
2, 5, 23
Let l = 121 + -67. Let s be (18/l)/(1/12). Suppose -s*v - 3*q = -5*q - 118, 5*q - 82 = -3*v. What are the prime factors of v?
29
Suppose -20*y + 25*y = 1755. Suppose -257 - y = -2*p. List the prime factors of p.
2, 19
Let w(f) = 4*f**3 - 8*f**2 - 9*f + 9. Suppose 0 = -38*t + 30*t - 16. Let v(p) = -5*p - 5. Let l be v(t). List the prime factors of w(l).
2, 3, 11
Let u = 21014 - -677. What are the prime factors of u?
109, 199
Let u(a) be the second derivative of -a**5/20 + 13*a**4/6 - 5*a**3/3 - 55*a**2/2 + 8*a + 3. List the prime factors of u(25).
2, 5
List the prime factors of 19 - 25 - 234544/(-16).
14653
Let i = 531 - 527. Suppose 4*a = -2*b + 520, a + 1262 - 177 = i*b. List the prime factors of b.
2, 3, 5
Suppose 9*h + 56 = 38. List the prime factors of (-1772)/(h + -2) - 16/(-4).
3, 149
Suppose 80*d - 83*d + 6 = -2*f, -f - 10 = -5*d. Suppose f = 10*j - 11337 - 4373. What are the prime factors of j?
1571
Suppose 5*d + 15*m - 20*m - 560 = 0, 4*d = -2*m + 448. List the prime factors of ((-11032)/d)/(1/(-2)).
197
Let n be ((-3341)/52)/((-3)/468). Suppose 0 = 14*s + 517 - n. What are the prime factors of s?
7, 97
Suppose 0 = 9*h + 31 - 58. Suppose -h*o + 734 = 2*w, 0 = -29*o + 34*o. List the prime factors of w.
367
Suppose 0 = -6*t + 30 - 6. Let p(y) = -y - t*y + 5*y**2 - 4*y - 6. What are the prime factors of p(-3)?
2, 3, 11
What are the prime factors of (1 + 1)/(((-28)/3325)/(1222/(-13)))?
5, 19, 47
Let n(l) = -43*l + 3. Let k(q) = 1. Let w(y) = -6*k(y) + 2*n(y). Suppose -7*p + 9*p - 3*x = 4, -2*x - 2 = -2*p. List the prime factors of w(p).
2, 43
Suppose c + 4 = 3*b + 20, -c - 5 = 4*b. Suppose -5*o - 212 = -c*o. What are the prime factors of o?
2, 53
Suppose -3*r + 955 = -5*f, 2*r + 274 = 2*f + 916. Suppose 0 = 4*l - 8, -3*l - 18 = -2*h - 0*l. Suppose -7*m - r = -h*m. List the prime factors of m.
5, 13
Suppose 18*m + 84*m = 39*m + 1633590. List the prime factors of m.
2, 5, 2593
Suppose 5*d + c = 39802, 1383*d - 1386*d - 4*c = -23888. What are the prime factors of d?
2, 5, 199
Let a be 6*((-22)/6 - -4). Let n be a/12 - 210/(-36). What are the prime factors of -5 + n + 3/(-1) + 75?
73
Let k(d) be the first derivative of -d**4/4 - d**3/3 + 7*d**2/2 + 10*d - 18. Suppose -20 = 5*g - 4*x + 6*x, g = -2*x + 4. List the prime factors of k(g).
2, 37
Let a(j) = -2*j**2 - 6*j + 40. Let o be a(-6). Suppose 0 = -3*c - 3*f + 21, -2*f - 2 = -o*f. List the prime factors of c.
2, 3
Let j = -688 - -692. Suppose -5*y - j*q = -2544, 2*y - 2*q - 857 = 175. List the prime factors of y.
2
Suppose -5*j - 91 = -8*j + 5*o, o = -5. Let z be 6*(-5)/(-15)*(-2 + j). Suppose 75 = y - z. List the prime factors of y.
5, 23
Suppose 3596*n - 150216 = 3584*n. What are the prime factors of n?
2, 11, 569
Let h = -34 - -33. Let o be 8 + 4/h + -1. Suppose b - o*y - 349 = -4*b, b - 4*y = 80. What are the prime factors of b?
2, 17
Let x be (3 + -4)*3 + (0 - -1). Let o be x/(8/(-12)) - 1. Suppose 4*h + o*j = 116, 25 = h - 2*j + 1. List the prime factors of h.
2, 7
Let m(q) = -32*q - 83. Let z be m(-3). What are the prime factors of 206 - ((2 - 3) + (-39)/z)?
2, 3, 5, 7
Let y = -111 + 113. Suppose -o - 5*w + y = 0, 2*o = -0*o + 2*w + 4. Suppose m = o*s - 435, -15 = -m + 4*m. List the prime factors of s.
5, 43
Let p be 20/(((-42)/111)/(-7)). Let a = p + 1040. List the prime factors of a.
2, 3, 5, 47
Suppose 5917*t + 123176 = 5921*t. What are the prime factors of t?
2, 89, 173
Suppose 0 = 12*x - 12096 - 15720. What are the prime factors of x?
2, 19, 61
List the prime factors of (-8355)/(-10)*23/(621/558).
31, 557
Let j(z) = 170*z**2 - 14*z - 174. What are the prime factors of j